t the prime factors of 2690440.
2, 5, 67261
What are the prime factors of 8896660?
2, 5, 444833
List the prime factors of 5026909.
5026909
List the prime factors of 8894508.
2, 3, 7, 19, 5573
List the prime factors of 21476390.
2, 5, 13, 165203
List the prime factors of 553170.
2, 3, 5, 18439
List the prime factors of 987704.
2, 331, 373
List the prime factors of 185652.
2, 3, 191
What are the prime factors of 875697?
3, 291899
List the prime factors of 233688.
2, 3, 7, 13, 107
What are the prime factors of 807321?
3, 439, 613
What are the prime factors of 209091?
3, 69697
What are the prime factors of 4844938?
2, 7, 271, 1277
List the prime factors of 10247274.
2, 3, 97, 5869
What are the prime factors of 399053?
41, 9733
What are the prime factors of 1946148?
2, 3, 127, 1277
List the prime factors of 1333615.
5, 109, 2447
What are the prime factors of 1479065?
5, 7, 6037
What are the prime factors of 580203?
3, 13, 19, 29
What are the prime factors of 2821178?
2, 29, 127, 383
What are the prime factors of 1951405?
5, 390281
What are the prime factors of 327348?
2, 3, 7, 433
What are the prime factors of 76815?
3, 5, 569
List the prime factors of 298036.
2, 74509
List the prime factors of 82190.
2, 5, 8219
What are the prime factors of 206853?
3, 19, 191
List the prime factors of 1068975.
3, 5, 4751
What are the prime factors of 796688?
2, 17, 29, 101
List the prime factors of 1749494.
2, 499, 1753
List the prime factors of 1196548.
2, 299137
List the prime factors of 742798.
2, 7, 17, 3121
List the prime factors of 859938.
2, 3, 331, 433
What are the prime factors of 8714576?
2, 13, 41897
What are the prime factors of 611655?
3, 5, 11, 337
What are the prime factors of 137747?
23, 53, 113
What are the prime factors of 4296890?
2, 5, 13, 33053
List the prime factors of 12598.
2, 6299
List the prime factors of 1067154.
2, 3, 11, 19, 23, 37
List the prime factors of 215406.
2, 3, 3989
What are the prime factors of 2914757?
659, 4423
List the prime factors of 101259.
3, 11251
List the prime factors of 2058234.
2, 3, 83, 4133
What are the prime factors of 4387335?
3, 5, 292489
List the prime factors of 5954161.
619, 9619
List the prime factors of 685799.
79, 8681
What are the prime factors of 389377?
41, 9497
What are the prime factors of 99662?
2, 49831
List the prime factors of 7125714.
2, 3, 395873
List the prime factors of 1559211.
3, 519737
List the prime factors of 18320834.
2, 7, 23, 56897
What are the prime factors of 1871085?
3, 5, 124739
What are the prime factors of 963501?
3, 7, 11, 43, 97
List the prime factors of 4116302.
2, 83, 137, 181
What are the prime factors of 354600?
2, 3, 5, 197
What are the prime factors of 629291?
13, 48407
List the prime factors of 819691.
819691
What are the prime factors of 217576?
2, 27197
What are the prime factors of 71008?
2, 7, 317
What are the prime factors of 7917270?
2, 3, 5, 263909
What are the prime factors of 1169222?
2, 19, 29, 1061
What are the prime factors of 47301?
3, 15767
List the prime factors of 390544.
2, 7, 11, 317
List the prime factors of 1012930.
2, 5, 101293
List the prime factors of 166412.
2, 41603
List the prime factors of 356867.
7, 7283
List the prime factors of 23430358.
2, 7, 31, 53987
What are the prime factors of 1427433?
3, 7, 101, 673
List the prime factors of 1576469.
29, 54361
What are the prime factors of 1577256?
2, 3, 65719
List the prime factors of 112419.
3, 12491
List the prime factors of 5055765.
3, 5, 11, 13, 2357
What are the prime factors of 3042736?
2, 19, 10009
What are the prime factors of 8312026?
2, 439, 9467
What are the prime factors of 869575?
5, 7, 4969
List the prime factors of 667013.
667013
What are the prime factors of 203877?
3, 839
What are the prime factors of 446001?
3, 148667
What are the prime factors of 207404?
2, 19, 2729
List the prime factors of 779137.
779137
List the prime factors of 198557.
181, 1097
What are the prime factors of 1404013?
13, 17, 6353
List the prime factors of 815517.
3, 31, 37, 79
List the prime factors of 10617095.
5, 17, 124907
What are the prime factors of 4073?
4073
What are the prime factors of 189115?
5, 109, 347
List the prime factors of 14996.
2, 23, 163
What are the prime factors of 151110?
2, 3, 5, 23, 73
What are the prime factors of 3849804?
2, 3, 7, 15277
List the prime factors of 746691.
3, 11, 17
List the prime factors of 10290089.
149, 69061
What are the prime factors of 177827?
13, 13679
List the prime factors of 149.
149
List the prime factors of 755909.
7, 11, 9817
List the prime factors of 18608203.
1301, 14303
List the prime factors of 1725580.
2, 5, 19, 239
List the prime factors of 163504.
2, 11, 929
What are the prime factors of 284494?
2, 7, 2903
What are the prime factors of 5236151?
41, 127711
List the prime factors of 1254538.
2, 627269
List the prime factors of 11955249.
3, 47, 9421
What are the prime factors of 745007?
499, 1493
What are the prime factors of 2149878?
2, 3, 358313
What are the prime factors of 2236650?
2, 3, 5, 13, 31, 37
List the prime factors of 140725.
5, 13, 433
List the prime factors of 380606.
2, 47, 4049
What are the prime factors of 576636?
2, 3, 29, 1657
What are the prime factors of 1351175?
5, 7, 1103
List the prime factors of 70768.
2, 4423
List the prime factors of 559742.
2, 17, 101, 163
What are the prime factors of 379323?
3, 7, 223
List the prime factors of 3414842.
2, 1707421
List the prime factors of 592914.
2, 3, 7, 19, 743
List the prime factors of 128118.
2, 3, 131, 163
What are the prime factors of 4504377?
3, 223, 6733
List the prime factors of 7677183.
3, 17, 150533
List the prime factors of 4482667.
7, 1867
What are the prime factors of 1397942?
2, 7, 13, 7681
List the prime factors of 362891.
41, 53, 167
What are the prime factors of 6944584?
2, 868073
What are the prime factors of 6511340?
2, 5, 11, 17, 1741
List the prime factors of 775020.
2, 3, 5, 12917
What are the prime factors of 1199428?
2, 299857
List the prime factors of 31253855.
5, 73, 85627
What are the prime factors of 1427334?
2, 3, 23, 10343
What are the prime factors of 303181?
137, 2213
What are the prime factors of 770901?
3, 256967
What are the prime factors of 3318067?
3318067
List the prime factors of 3078477.
3, 401, 853
List the prime factors of 714241.
11, 29, 2239
List the prime factors of 22931560.
2, 5, 573289
List the prime factors of 3922555.
5, 7, 13, 37, 233
What are the prime factors of 1555079?
1555079
What are the prime factors of 506308?
2, 11, 37, 311
What are the prime factors of 1367017?
1367017
List the prime factors of 5420130.
2, 3, 5, 19, 37, 257
What are the prime factors of 21618?
2, 3, 1201
What are the prime factors of 1245665?
5, 249133
What are the prime factors of 1275246?
2, 3, 7, 29, 349
List the prime factors of 9748313.
9748313
What are the prime factors of 203379?
3, 11, 6163
List the prime factors of 738321.
3, 19, 12953
List the prime factors of 9942647.
11, 13, 23, 3023
List the prime factors of 429603.
3, 89, 1609
List the prime factors of 765342.
2, 3, 14173
List the prime factors of 1572036.
2, 3, 269, 487
What are the prime factors of 7513392?
2, 3, 157, 997
What are the prime factors of 209052?
2, 3, 5807
List the prime factors of 175681.
11, 15971
What are the prime factors of 13350877?
13350877
List the prime factors of 1128203.
317, 3559
List the prime factors of 639016.
2, 7, 11411
What are the prime factors of 89375?
5, 11, 13
List the prime factors of 33004535.
5, 67, 83, 1187
List the prime factors of 2455293.
3, 17, 31, 1553
What are the prime factors of 12675227?
12675227
List the prime factors of 5175560.
2, 5, 13, 37, 269
List the prime factors of 671662.
2, 41, 8191
What are the prime factors of 12345309?
3, 37, 131, 283
List the prime factors of 4162369.
461, 9029
What are the prime factors of 3214073?
3214073
What are the prime factors of 448964?
2, 112241
List the prime factors of 1939717.
13, 17, 67, 131
List the prime factors of 2207373.
3, 7, 257, 409
List the prime factors of 1977756.
2, 3, 11, 14983
List the prime factors of 1810861.
13, 139297
What are the prime factors of 142711?
142711
List the prime factors of 4567149.
3, 507461
List the prime factors of 46613.
7, 6659
What are the prime factors of 